t are the prime factors of 33811?
33811
List the prime factors of 749.
7, 107
List the prime factors of 7100.
2, 5, 71
List the prime factors of 4500.
2, 3, 5
What are the prime factors of 122520?
2, 3, 5, 1021
What are the prime factors of 622?
2, 311
List the prime factors of 9615.
3, 5, 641
What are the prime factors of 5354?
2, 2677
What are the prime factors of 34584?
2, 3, 11, 131
What are the prime factors of 3940?
2, 5, 197
What are the prime factors of 1442?
2, 7, 103
What are the prime factors of 52190?
2, 5, 17, 307
What are the prime factors of 21629?
43, 503
What are the prime factors of 1123?
1123
List the prime factors of 124503.
3, 47, 883
What are the prime factors of 16130?
2, 5, 1613
List the prime factors of 6586.
2, 37, 89
What are the prime factors of 40294?
2, 20147
List the prime factors of 489.
3, 163
List the prime factors of 10516.
2, 11, 239
What are the prime factors of 1975?
5, 79
What are the prime factors of 126692?
2, 19, 1667
What are the prime factors of 5501?
5501
What are the prime factors of 2406?
2, 3, 401
What are the prime factors of 175385?
5, 7, 5011
List the prime factors of 6646.
2, 3323
What are the prime factors of 33116?
2, 17, 487
What are the prime factors of 10653?
3, 53, 67
List the prime factors of 1822.
2, 911
What are the prime factors of 56?
2, 7
What are the prime factors of 2795?
5, 13, 43
List the prime factors of 25728.
2, 3, 67
What are the prime factors of 33042?
2, 3, 5507
List the prime factors of 63976.
2, 11, 727
List the prime factors of 2731.
2731
What are the prime factors of 18123?
3, 7, 863
List the prime factors of 43777.
43777
What are the prime factors of 932?
2, 233
List the prime factors of 4488.
2, 3, 11, 17
List the prime factors of 1009.
1009
What are the prime factors of 9209?
9209
What are the prime factors of 451?
11, 41
List the prime factors of 1631.
7, 233
What are the prime factors of 644?
2, 7, 23
What are the prime factors of 630?
2, 3, 5, 7
List the prime factors of 157.
157
What are the prime factors of 741?
3, 13, 19
What are the prime factors of 405?
3, 5
What are the prime factors of 1760?
2, 5, 11
List the prime factors of 437.
19, 23
List the prime factors of 14490.
2, 3, 5, 7, 23
What are the prime factors of 44974?
2, 113, 199
List the prime factors of 759.
3, 11, 23
List the prime factors of 63.
3, 7
List the prime factors of 6347.
11, 577
List the prime factors of 485.
5, 97
What are the prime factors of 1270?
2, 5, 127
What are the prime factors of 196320?
2, 3, 5, 409
What are the prime factors of 28252?
2, 7, 1009
List the prime factors of 24786.
2, 3, 17
What are the prime factors of 4183?
47, 89
List the prime factors of 37968.
2, 3, 7, 113
List the prime factors of 1337.
7, 191
What are the prime factors of 4009?
19, 211
What are the prime factors of 87420?
2, 3, 5, 31, 47
What are the prime factors of 38012?
2, 13, 17, 43
List the prime factors of 1518.
2, 3, 11, 23
List the prime factors of 2799.
3, 311
What are the prime factors of 10017?
3, 7, 53
List the prime factors of 1529.
11, 139
What are the prime factors of 2508?
2, 3, 11, 19
List the prime factors of 100228.
2, 25057
What are the prime factors of 37862?
2, 11, 1721
What are the prime factors of 16087?
16087
List the prime factors of 3241.
7, 463
List the prime factors of 2753.
2753
List the prime factors of 393.
3, 131
List the prime factors of 1193.
1193
What are the prime factors of 5165?
5, 1033
What are the prime factors of 1201?
1201
What are the prime factors of 321?
3, 107
What are the prime factors of 109141?
109141
List the prime factors of 2743.
13, 211
List the prime factors of 346.
2, 173
List the prime factors of 457.
457
List the prime factors of 1701.
3, 7
What are the prime factors of 46433?
59, 787
List the prime factors of 3314.
2, 1657
List the prime factors of 73767.
3, 67, 367
List the prime factors of 12846.
2, 3, 2141
What are the prime factors of 3108?
2, 3, 7, 37
List the prime factors of 3262.
2, 7, 233
What are the prime factors of 5973?
3, 11, 181
List the prime factors of 5713.
29, 197
List the prime factors of 6364.
2, 37, 43
What are the prime factors of 82991?
37, 2243
What are the prime factors of 1780?
2, 5, 89
What are the prime factors of 106230?
2, 3, 5, 3541
What are the prime factors of 39621?
3, 47, 281
List the prime factors of 6875.
5, 11
What are the prime factors of 7650?
2, 3, 5, 17
List the prime factors of 8924.
2, 23, 97
What are the prime factors of 2424?
2, 3, 101
List the prime factors of 1820.
2, 5, 7, 13
What are the prime factors of 19759?
19759
List the prime factors of 5339.
19, 281
What are the prime factors of 2331?
3, 7, 37
What are the prime factors of 15987?
3, 73
What are the prime factors of 484?
2, 11
What are the prime factors of 55983?
3, 18661
List the prime factors of 47745.
3, 5, 1061
List the prime factors of 135.
3, 5
What are the prime factors of 3999?
3, 31, 43
List the prime factors of 12766.
2, 13, 491
List the prime factors of 817.
19, 43
List the prime factors of 5646.
2, 3, 941
What are the prime factors of 4664?
2, 11, 53
What are the prime factors of 6864?
2, 3, 11, 13
List the prime factors of 4373.
4373
What are the prime factors of 57067?
149, 383
What are the prime factors of 50633?
11, 4603
What are the prime factors of 10803?
3, 13, 277
What are the prime factors of 2495?
5, 499
What are the prime factors of 25246?
2, 13, 971
List the prime factors of 460.
2, 5, 23
What are the prime factors of 2507?
23, 109
List the prime factors of 90736.
2, 53, 107
List the prime factors of 3482.
2, 1741
What are the prime factors of 82167?
3, 61, 449
List the prime factors of 1799.
7, 257
What are the prime factors of 3870?
2, 3, 5, 43
List the prime factors of 7374.
2, 3, 1229
What are the prime factors of 823?
823
What are the prime factors of 603?
3, 67
What are the prime factors of 9456?
2, 3, 197
What are the prime factors of 456?
2, 3, 19
List the prime factors of 1903.
11, 173
What are the prime factors of 55856?
2, 3491
List the prime factors of 2705.
5, 541
What are the prime factors of 1034?
2, 11, 47
List the prime factors of 495.
3, 5, 11
List the prime factors of 109.
109
What are the prime factors of 95567?
227, 421
List the prime factors of 1178.
2, 19, 31
What are the prime factors of 740?
2, 5, 37
List the prime factors of 84363.
3, 61, 461
What are the prime factors of 992?
2, 31
List the prime factors of 1175.
5, 47
What are the prime factors of 9393?
3, 31, 101
List the prime factors of 8494.
2, 31, 137
What are the prime factors of 41987?
11, 347
What are the prime factors of 15748?
2, 31, 127
What are the prime factors of 5?
5
What are the prime factors of 2013?
3, 11, 61
List the prime factors of 559.
13, 43
List the prime factors of 185.
5, 37
What are the prime factors of 83560?
2, 5, 2089
List the prime factors of 356.
2, 89
What are the prime factors of 133137?
3, 4931
List the prime factors of 1706.
2, 853
List the prime factors of 267.
3, 89
List the prime factors of 56968.
2, 7121
List the prime factors of 1608.
2, 3, 67
What are the prime factors of 3428?
2, 857
List the prime factors of 2374.
2, 1187
What are the prime factors of 11202?
2, 3, 1867
What are the prime factors of 171340?
2, 5, 13, 659
List the prime factors of 1952.
2, 61
What are the prime factors of 150218?
2, 75109
What are the prime factors of 368?
2, 23
What are the prime factors of 2040?
2, 3, 5, 17
List the prime factors of 430.
2, 5, 43
What are the prime factors of 37327?
163, 229
List the prime factors of 116508.
2, 3, 7, 19, 73
List the prime factors of 13290.
2, 3, 5, 443
List the prime factors of 1536.
2, 3
What are the prime factors of 2327?
13, 179
What are the prime factors of 227?
227
What are the prime factors of 47?
47
What are the prime factors of 322?
2, 7, 23
What are the prime factors of 897?
3, 13, 23
List the prime factors of 6463.
23, 281
List the prime factors of 61030.
2, 5, 17, 359
What are the prime factors of 15776?
2, 17, 29
List the prime factors of 33742.
2, 16871
What are the prime factors of 2485?
5, 7, 71
What are the prime factors of 807?
3, 269
What are the prime factors of 55549?
13, 4273
List the prime factors of 25480.
2, 5, 7, 13
List the prime factors of 32.
2
Li